 remainder when 193 is divided by z?
13
Let k(i) = -2*i - 60. Let f be k(-32). Let m be 0 + 0 + (7 - 2). Suppose 3*q - 13 - 12 = m*d, -4*q + 44 = -f*d. What is the remainder when 27 is divided by q?
12
Suppose -q + 5*p = 12, p = -5*q + 4*q + 18. Let s be 1 + 10/(-14) + (-19)/(-7). Suppose -q = -s*r + 29. What is the remainder when 69 is divided by r?
13
Let y be (-2 - (-12)/8)/(-1)*6. Suppose -4*v + y*f + 59 = 0, -3*f - 1 = 2. Calculate the remainder when v is divided by (8/(-3))/(2/(-3)).
2
Suppose -28 - 29 = w + 5*m, 6 = 3*m. Let q = 97 + w. Calculate the remainder when q is divided by 8.
6
What is the remainder when 281 is divided by 34 - 2/(78/21 + -4)?
35
Suppose -f + 54 = 2*f. Suppose 5*n - 2*n - f = -l, l = 0. Calculate the remainder when 43 is divided by (n - 0)*88/24.
21
Suppose 3*m - 4*c = 608, 4*m = 6*m - 2*c - 408. What is the remainder when m is divided by 56?
40
Let j(l) = 7*l - 2. Let o = -4 - -8. What is the remainder when j(2) is divided by (-42)/(-8) + (-1)/o?
2
Suppose -12*m - 20 = -2*m. What is the remainder when 133 is divided by m/(0 - (-3)/(-51))?
31
Suppose -m + 0*m + 65 = 0. Let c be ((-33)/(-9) + -4)*6. Let j = c - -19. Calculate the remainder when m is divided by j.
14
What is the remainder when (-1515)/(-24) - (4 - (-155)/(-40)) is divided by -1 + 1/((-2)/(-28))?
11
Let w = 19 - -69. Suppose 5*z = w + 247. Suppose 0 = 112*b - 110*b - 34. What is the remainder when z is divided by b?
16
Suppose -7*z + 3*z + 242 = -2*m, 5*z - 286 = -3*m. Calculate the remainder when z is divided by 48.
11
Suppose -t + 5*p = -34, -5*t = -t - 3*p - 68. What is the remainder when 12 is divided by 6*(t/(-4) - -4)?
0
Let z = -33 - -84. Let d = z + -38. Calculate the remainder when 35 is divided by d.
9
Let x = 7 - -10. Let u(p) = -4*p - 25. Let i be u(-12). Let k = 30 - i. What is the remainder when x is divided by k?
3
Let v = -151 + 49. Let g be (v/24)/((-1)/8). Let h = -17 + g. What is the remainder when h is divided by 7?
3
Let m = -1155 + 1159. Suppose -5 = -5*o + 15. Suppose c = 6*c - 3*w - 70, -w = o*c - 39. Calculate the remainder when c is divided by m.
3
Let o(h) = 5*h**2 + 5*h - 15. Let b be o(-6). Suppose 4*l = -5*l + b. What is the remainder when 26 is divided by l?
11
Let p be -1 - -2*(6 + 2). Let u = -12 + p. Suppose -4*w - 157 = -5*a, a + u*a = -3*w + 138. What is the remainder when a is divided by 7?
5
Let p(y) = 2*y**3 + 16*y**2 - 24*y - 21. Calculate the remainder when 36 is divided by p(-9).
3
Let f(i) = -i**3 - 6*i**2 - 3*i + 1. Suppose a = -22 + 34. Let k = 86 - a. What is the remainder when k is divided by f(-6)?
17
Let n be (4/(4/3))/(-1). Let g = -10 - n. What is the remainder when 24 is divided by (-7 - -9) + g/(-1)?
6
Suppose 9*i - 2802 = 4*i + 3*z, 1128 = 2*i - 3*z. What is the remainder when i is divided by 35?
33
Let i(l) = -2*l**3 + 7*l**2 - 6*l - 3. Let s be i(3). Suppose 38 - 14 = 4*t. Calculate the remainder when 27*(3 + 32/s) is divided by t.
3
Calculate the remainder when (-47 - -46)*(-51 + 0)*1 is divided by 3.
0
Let x(q) = -q**2 - 11*q - 14. Let l be x(-11). Let h be (-24)/l - (-6)/21. Suppose -6*t = -h*t - 44. Calculate the remainder when t is divided by 7.
4
Let p = 128 - 149. Let h = -14 - p. Calculate the remainder when 24 is divided by h.
3
Let w(j) = -j**3 - 14*j**2 + 3. Let g be w(-14). Suppose 0 = -g*k - 3, 5*h + 2*k = -19 + 97. What is the remainder when 45 is divided by h?
13
Let s = -24 + 49. Let j(o) = o**2 + 84*o + 565. Calculate the remainder when j(-6) is divided by s.
22
Let j = 97 + 68. Suppose -2*i = a - 65, -2*a + 4*i = a - j. Calculate the remainder when a is divided by 10.
9
Suppose -15*o - 380 = -19*o. Calculate the remainder when o is divided by 6.
5
Suppose 0 = -2*t - 3*m - 2, 103*t + 10 = 105*t - 3*m. What is the remainder when 77 is divided by t?
1
Let g(w) = -w - 8*w - 27*w**2 + 25*w**2. Let b be g(-4). Suppose 0 = -0*p + b*p - 148. What is the remainder when p is divided by 10?
7
Suppose 249 + 1487 = 8*r. What is the remainder when r is divided by 13?
9
Calculate the remainder when (-2)/11*1 - (-108307)/187 is divided by 97.
94
Let x(t) = t - 13. Let w be x(9). Calculate the remainder when -6*(-2 - 40/(-12))*w is divided by 18.
14
Suppose -4*q = q - 95. Suppose 10*w - z + 4 = 5*w, w - 3*z - 2 = 0. What is the remainder when 1554/21 + (-1 - w) is divided by q?
17
Let q(o) = o**3 + 13*o**2 - 32*o + 1. Let u(t) = -t - 4. Let b(y) = -1. Let x(p) = -5*b(p) - u(p). Calculate the remainder when q(-15) is divided by x(8).
14
Suppose 5*x + 52*i - 70 = 57*i, 30 = 2*x - 4*i. What is the remainder when 479 is divided by x?
11
Calculate the remainder when 335 is divided by 2/(-14) - ((-872)/28 - -3).
27
Let s be (-16)/28*(-14)/4. Let x(k) = -2 + 8*k**s + 5*k**2 + 2*k - 8*k**2 - k**3. What is the remainder when x(4) is divided by 12?
10
Suppose 5*w = 2*w - 5*q + 22, 0 = 4*q + 4. Let l = w - -6. Calculate the remainder when 44 is divided by l.
14
Let h(w) = -2*w - 2. Let k = -12 - 7. Let t = 26 + k. What is the remainder when h(-7) is divided by t?
5
Let c = -27 - -50. Calculate the remainder when c is divided by 5 + (-9)/(4 + -7).
7
Suppose 57*u - 3983 = 3313. Calculate the remainder when u is divided by 37.
17
What is the remainder when ((2/3)/2)/(87/27666) is divided by 11?
7
Suppose -5*c + 273 = -2*c. Suppose -p + 5*l = 15 - 43, -l = 4*p - c. Let n(a) = -3*a - 1. Calculate the remainder when p is divided by n(-3).
7
Suppose -2*a + 18 = -0*a. Suppose 0 = 2*v + 2*v + 3*m - 228, 0 = v - 3*m - 42. What is the remainder when v is divided by 1 + a/(-3) + 13?
10
Let o = 14 + 23. Suppose o = 3*r - z - 8, 42 = 3*r - 2*z. Suppose 2*t - 46 = 44. Calculate the remainder when t is divided by r.
13
Suppose -1851 - 1369 = -35*w. Calculate the remainder when 180 is divided by w.
88
Suppose -12 - 51 = -x + 3*p, 68 = x - 4*p. Let b(j) = -19*j - 247. What is the remainder when b(-18) is divided by x?
47
Suppose 5*g - 14 = 3*g - 4*c, 0 = 5*c + 15. Let a(l) = l**3 - 4*l**2 + l - 30. What is the remainder when a(6) is divided by g?
9
What is the remainder when 17 is divided by 0 + (-2)/(-3) + 80/15?
5
Suppose 6*m - 9*j - 439 = -14*j, -5*m + j = -371. What is the remainder when m is divided by 34?
6
Let s be (3/(-15))/((-3)/5)*18. Let f(h) = 3*h - 1. Calculate the remainder when 84 is divided by f(s).
16
Let g be 4/(-6)*(0 + 3). Let n be (1 - g) + 2/2. What is the remainder when 214/12 - n/(-24) is divided by 7?
4
Let s = 183 + -160. Calculate the remainder when 41 is divided by s.
18
What is the remainder when (3432/(-18))/(-4)*(-21)/(-7) is divided by 24?
23
Let x(n) = 4*n - 7. Suppose 4*a - 4*f + 151 = 295, -3*a + 5*f + 108 = 0. What is the remainder when a is divided by x(5)?
10
Let k(r) = r**3 - 2*r**2 - r. Suppose 2*v = q + 8, 0*v - 2*q = 3*v + 2. Suppose 11*f - v*f - 72 = 0. Calculate the remainder when k(4) is divided by f.
4
Let m = -14580 - -14602. Calculate the remainder when (44 - 1)/(1/2) is divided by m.
20
Let r = 963 - 913. What is the remainder when 293 is divided by r?
43
Let n(v) = 9*v + 2. Let w be -1 + 4 + -4 - -31. Suppose -5*x = 2*s - w, -5*x - 25 - 15 = -5*s. Calculate the remainder when n(3) is divided by s.
9
Suppose 111 = 4*c - 53. What is the remainder when 118 is divided by c?
36
Let m be 2*(4/(-22) + 1176/176). Let n = m - -8. What is the remainder when 60 is divided by n?
18
Let i = -52 + 56. Let b(x) = 8*x + 5. What is the remainder when 108 is divided by b(i)?
34
Let z(y) = 5*y - 17. What is the remainder when 45 is divided by z(8)?
22
Suppose -5*d - 91 = -561. What is the remainder when d is divided by (30/(-21))/(-2 + 108/56)?
14
Suppose -379 - 397 = -8*n. Let z = 210 - n. What is the remainder when z is divided by 29?
26
What is the remainder when ((-3)/((-9)/(-10)))/(268/(-10050)) is divided by 42?
41
Let o(l) = -1 + 7*l**2 - 11 - 4*l**2 - 2*l - 11*l. Let b(g) = 2*g**2 + 3*g - 4. What is the remainder when o(7) is divided by b(-4)?
12
Suppose w + 3*h = 266 + 33, -4*h = w - 296. What is the remainder when w is divided by 78?
74
Calculate the remainder when (-150)/(-15) - (7 + -14) is divided by 5.
2
Suppose 4 + 28 = -2*j. Let z = j - -28. Calculate the remainder when 39 is divided by (1 + -6)/((-6)/z).
9
Let q(r) = 8*r**2 - 7*r - 2. Let c(k) = -8*k + 3. What is the re